. Let p be (6/s + -1)*(0 + 7). What is the greatest common divisor of p and 21?
7
Suppose 4*h - 83 = -3*n, h + 2*n - 4*n - 29 = 0. Let d = 86 - h. Let s(t) = t**2 - 5*t - 18. Let q be s(-4). Calculate the highest common divisor of d and q.
9
Suppose 0 = -7*s + 1 + 34. Suppose -4*h - 3 = -s*h, -4*h = -2*r + 132. What is the highest common divisor of 864 and r?
72
Let t be -2*(-1026)/2 + -8. Calculate the greatest common divisor of t and 2.
2
Let t(k) = k**2 - 28*k + 1086. Let m be t(22). Calculate the highest common factor of 342 and m.
18
Suppose 9*y - 2090 = -2*y. Let j = 203 - y. What is the highest common divisor of 2 and j?
1
Suppose 108*g + 24*g = -41*g + 50862. Calculate the greatest common factor of g and 1036.
14
Let m = 43 + -18. Let x = -229 - -235. Let u be (117 - -30)*2/x + 1. What is the greatest common divisor of m and u?
25
Suppose 2*k = -m - 7, -2*m - 8 = -4*k + 7*k. Let h be ((-2)/k*8)/((-30)/(-585)). Calculate the greatest common divisor of 169 and h.
13
Let s(z) = 13*z - 23. Let m be ((-28)/16)/(2/(-8)). Let t be s(m). Calculate the greatest common factor of t and 170.
34
Let d = 415 + -413. Suppose d*j + 2*p - 186 = 0, 0 = -5*j - 6*p + 8*p + 430. Calculate the highest common factor of 99 and j.
11
Suppose -5*h + 3*n = 3210, -h + 2*n - 642 = 3*n. Let x = 673 + h. Calculate the greatest common divisor of 279 and x.
31
Let m be (10 + 0)*(-5)/10. Let a be (-6)/m*(-50)/(-20). Suppose 19*u - 15*u = 108. Calculate the greatest common divisor of u and a.
3
Let j = 610 + -394. Let s = -179 - -184. Suppose -2*r + s*y = -5*r + 61, -2*r + 4*y + 70 = 0. Calculate the greatest common divisor of j and r.
27
Let g = -458 + 883. Suppose 0 = 55840*p - 55861*p + 357. Calculate the highest common factor of g and p.
17
Let y(b) = -4*b + 26. Let h(p) = -8*p + 7*p - 19 + 28. Let n(j) = 7*h(j) - 2*y(j). Let k be n(5). What is the greatest common factor of k and 32?
16
Let w(y) = y**3 + 4*y**2 - 12*y - 18. Let z be w(-4). Calculate the highest common divisor of z and 5130.
30
Suppose -29548 = -586*y - 10210. Let c = -3 + 6. Suppose 3*l + i = 29, c*i + 3 = -9. What is the highest common factor of y and l?
11
Let s be 2*10 - (0 + -2). Let i(y) = -y**2 + 21*y + 39. Let g be i(s). Let f = g - 7. What is the highest common divisor of f and 15?
5
Let y be -2 + (-264 + (5 - 0))/(-1). Let b = 393 - y. Calculate the greatest common divisor of b and 17.
17
Let k(v) = -6*v + 3. Let i be k(-1). Suppose i = y + t, -4*y + 16 + 38 = -5*t. What is the highest common divisor of 154 and y?
11
Suppose -35*u + 606 = -2*b - 39*u, -3*b + 4*u = 919. Let x = b - -1105. What is the highest common factor of 50 and x?
50
Let v(x) = 141*x**3 - 3*x**2 + 154*x - 616. Let s be v(4). Calculate the greatest common divisor of s and 8.
8
Let s be 406*(-5 + 1 + (-1650)/(-385)). Calculate the greatest common factor of 3132 and s.
116
Let n be (8/14)/((-104)/28 + 4). Suppose n*a + 8 = 112. Calculate the greatest common divisor of a and 78.
26
Let l(k) = -k**2 - 8*k + 24. Let b be l(2). Suppose 276 = 5*j + h, 2*j = b*j + h - 108. What is the greatest common divisor of j and 728?
56
Let u = 227 - -562. Suppose -246 - u = -23*m. What is the greatest common divisor of m and 10?
5
Suppose 2*q = -20*o + 25*o + 4990, -o - 4982 = -2*q. Calculate the greatest common divisor of q and 90.
30
Suppose -13*q + 11*q = -52. Let v(k) = 40*k - 254. Let t be v(7). Calculate the greatest common factor of q and t.
26
Let r be (233 - 240) + 1*9. Calculate the highest common factor of 659 and r.
1
Suppose 5*d - 56*b - 11295 = -46*b, -3*d - 4*b = -6787. What is the highest common factor of 152 and d?
19
Let g be (5 - -721)/11 + (5 - -1). Suppose i + 164 = 4*p - i, g = 2*p + 4*i. Calculate the highest common divisor of 12 and p.
4
Let n = -543 - -1023. Calculate the greatest common divisor of n and 3040.
160
Suppose -4*c - 3*h + 11095 = 0, -51*c = -46*c + h - 13888. Calculate the highest common divisor of 14 and c.
7
Let n(k) = -35*k - 368. Let t be n(-11). Let z = -149 + 302. Calculate the greatest common divisor of t and z.
17
Let v(p) = -p**2 + 3*p + 3. Let w be v(3). Let k be (65 + 4 - -1) + w + -3. What is the greatest common factor of 50 and k?
10
Let g be -11*4/((-8)/46)*2. What is the highest common divisor of 10879 and g?
253
Let x(s) = 11*s**2 + s. Let d be x(1). Let t(g) = 9*g**2 - 10268*g - 30801. Let f be t(-3). What is the greatest common divisor of f and d?
12
Suppose -60 = 2*h - 0*h. Let k = -57 - h. Let t = 23 - k. What is the greatest common factor of 20 and t?
10
Let z(t) = t**2 - 116*t + 2596. Let q be z(88). Let s = -17 + 35. What is the greatest common divisor of q and s?
6
Let c = -206 + 284. Let f be (c/12)/((-6)/(-24)). What is the highest common divisor of 2 and f?
2
Let j = 12802 + -10504. Calculate the highest common divisor of j and 18.
6
Let d(i) = -i**2 - 22*i - 61. Let l be d(-18). Let a be (-70)/(-385) - (-1 - 284/l). What is the greatest common divisor of 18 and a?
9
Let y be (18 - 0)/2 + -1. Suppose 0 = -3*a + 3*n - 2*n + 4, -a + n + 2 = 0. Suppose 2*v - a = 11. Calculate the greatest common divisor of y and v.
2
Let c be (-62)/(-6) + (-282)/(-423) - -8575. What is the highest common divisor of 486 and c?
162
Suppose 5*q - 25 = -1110*h + 1115*h, -5*q - h = -67. Suppose 4 - 16 = -p. What is the highest common divisor of q and p?
12
Let i(n) = 80*n**2 - 1351*n - 96. Let q be i(17). Let p be (-3)/(-12) - 71/(-4). Let f = 37 - p. What is the greatest common divisor of f and q?
19
Suppose -4*v + 778 = 2*q, 0 = 3*v + 3*q - 173 - 406. What is the greatest common factor of 32 and v?
4
Let n be (-1 + 345/3)/((-502)/(-3263)). Calculate the greatest common divisor of n and 988.
247
Suppose 0 = -5*v + 30, 8214 = 2*h + 11*v - 13*v. Calculate the highest common divisor of h and 18.
9
Let i be 6/4 + (-3)/6. Let o(y) = -y + 10. Let z be o(26). Let k be (-4 - 52/z)/(i/(-312)). Calculate the highest common divisor of k and 26.
26
Let t be 1/5 - (-387)/215. Suppose n = a - 13, 0*a + 3*a = -t*n + 19. Suppose 0 = 2*s + 2*s - 36. What is the highest common factor of a and s?
9
Let v(m) = -m**3 - 3*m**2 + 30*m - 13. Let w be v(-10). What is the highest common factor of 817 and w?
43
Let v = 177 + -379. Let w = -198 - v. Calculate the highest common divisor of w and 11.
1
Let x be 186/(-31)*46/(-4). Calculate the greatest common divisor of x and 989.
23
Suppose 7*o - 11*o = 34*o - 418. Calculate the highest common factor of o and 2189.
11
Let p(u) = -u + 41. Let n be p(39). Suppose n*v - 52 = z + 1, 28 = v + z. Let x = 6 - 3. What is the highest common divisor of x and v?
3
Suppose 270 = -c - 0*a + 5*a, 260 = -c - 5*a. Let m = c + 319. Calculate the highest common divisor of 135 and m.
27
Let f(y) = -19*y**3 + 10*y**2 - 43*y - 269. Let x be f(-8). Calculate the greatest common factor of 177 and x.
177
Let q(g) = 3*g**3 + 3*g**2 + 8*g + 7. Let c be q(-1). Let t(k) = 0*k + 5*k**2 - 4 - 2*k + 2. Let s be t(c). Calculate the highest common factor of s and 15.
5
Suppose 72*l = 14*l + 4872. What is the highest common factor of 392 and l?
28
Let m = -22 + 25. Suppose -5*z = 2*p - 30, m*p - 44 = p + 2*z. Let k(d) = d**3 - 5*d**2 + 6*d - 3. Let u be k(4). What is the greatest common factor of p and u?
5
Let m(n) = n**3 + 9*n**2 - 6*n - 6. Let j be m(-9). Suppose 510 = -70*b + 87*b. Calculate the greatest common factor of b and j.
6
Let c(n) = -n**3 - 6*n**2 - 5*n + 4. Let p be c(-6). Suppose -12*w + 551 = -2257. Suppose 0 = 2*d - 514 - w. Calculate the highest common factor of p and d.
34
Suppose 27*w = 343 + 1007. Let v = w + -17. What is the highest common factor of v and 627?
33
Suppose -5*v = -14*v - 45. Let c be v/(15/(-406)) + (-2)/6. Calculate the greatest common factor of c and 108.
27
Let j be (14/4 + 1)/((-79)/(-158)). What is the highest common factor of j and 33?
3
Let c be (-1)/(16/160) - -6793. What is the greatest common divisor of 1292 and c?
323
Suppose -7*m - 17 = -4*m + 5*h, -5*m - 5*h - 15 = 0. Let t be (174/14 - m)/((-100)/(-350)). What is the greatest common factor of t and 20?
20
Suppose -2843 = -35*x + 307. Calculate the greatest common factor of 1530 and x.
90
Let g(q) = 280*q - 9226. Let p be g(33). What is the greatest common divisor of 37674 and p?
14
Let m = -902 - -929. Let